 the highest common divisor of 11 and p.
11
Let x = 1703 - 1669. Calculate the highest common divisor of 2482 and x.
34
Let x(j) = -j**3 - 5*j**2 - 5*j + 2. Let p = -11 - -7. Let f be x(p). Let c = 27 - 21. Calculate the highest common factor of f and c.
6
Let p be (-228)/6*(-10 + 6). What is the highest common factor of p and 114?
38
Suppose -5*i + 4*t = -840, -35 + 399 = 2*i + 4*t. Suppose 4*u + 24 = i. Let r = -25 + u. What is the highest common divisor of 4 and r?
4
Let h = 42 + -27. Suppose -152 = 11*o - h*o. What is the highest common factor of 152 and o?
38
Suppose 309 + 11 = 5*g. What is the greatest common factor of g and 4?
4
Let n be (-136)/20*(-11 - -1). Let k = 53 - 36. What is the greatest common divisor of k and n?
17
Suppose 760 = 5*s - 0*s. Let h = s + 779. Suppose -152 - 595 = -4*a - j, -4*j = 5*a - h. What is the greatest common divisor of 17 and a?
17
Suppose -2*m = v - 5*v - 70, 3*m = 5*v + 110. Let d = m + -34. What is the highest common divisor of d and 220?
11
Let c = -9841 + 9855. Suppose -i - 4*y + 5 + 12 = 0, -i + 2*y = -23. What is the greatest common divisor of c and i?
7
Suppose 350*w + 3744 = 358*w. What is the greatest common divisor of w and 48?
12
Suppose 2*w - 216 = h, 4*w - 83 = 3*h + 353. Let k = -56 + w. Calculate the greatest common divisor of k and 2.
2
Let c = -8 - -242. Suppose g = 10*g - c. Calculate the highest common divisor of 78 and g.
26
Let v be 22/7*((-210)/2)/(-3). Calculate the highest common divisor of v and 10.
10
Suppose 71*a + 4911 = 29761. Calculate the greatest common divisor of a and 14.
14
Suppose 0 = 2*c - p - 32 - 285, 5*c = -4*p + 812. Let t = -109 + c. What is the greatest common divisor of t and 459?
51
Let y be (1 - -35)*189/36. What is the greatest common divisor of 7 and y?
7
Suppose -d + 0 = -2. Suppose 0 = d*v - v. Suppose v = -x + 20 + 46. What is the highest common factor of x and 6?
6
Let j = -3 - -15. Let d(g) = -9*g - 2. Let z be d(-1). Let s(h) = h**2 - 3*h + 2. Let x be s(z). What is the highest common divisor of x and j?
6
Let j = 38 + -42. Let d be -1 - (-12)/j*-12. Calculate the highest common factor of 7 and d.
7
Let s(t) = 63*t - 541. Let j be s(9). What is the greatest common divisor of 117 and j?
13
Let k = 1737 + -1492. Let u(a) = 12*a - 1. Let j be u(3). Calculate the greatest common factor of j and k.
35
Let l = 829 - 812. Calculate the greatest common factor of 391 and l.
17
Suppose -22 = -4*p - 14. Let d = -2 + 3. Suppose -2*v + p*i + 10 = 2*v, -v = i - d. Calculate the greatest common factor of v and 8.
2
Suppose -12*w = -461 - 907. Suppose -3*s + 218 = s - p, 2*s - 3*p = w. What is the greatest common factor of 6 and s?
6
Suppose 5*x + 4*u = 2446, 9*u + 1964 = 4*x + 5*u. What is the highest common divisor of 10 and x?
10
Let w = 4 - 7. Let u be (2/w)/((-1)/6). Let s = 99 + -63. What is the greatest common factor of s and u?
4
Let v = 1 + 4. Suppose -v*y + 66 + 44 = 0. Calculate the greatest common factor of y and 242.
22
Let d = -19 + 10. Let q = -50 + 77. Let i be ((-6)/d)/(3/q). What is the greatest common factor of i and 15?
3
Let n = -100 - -23. Let j = -70 - n. Calculate the highest common factor of 49 and j.
7
Suppose -5283 = -4*f - z, 4*f - z - 5277 = -0*f. Suppose -6*t - 5*t = -f. Calculate the highest common divisor of t and 24.
24
Suppose -u + 5*u = -3*y + 2608, -u = -4*y - 633. Calculate the greatest common divisor of u and 59.
59
Let v = -33 - -84. Let m = v - 13. Calculate the greatest common factor of 19 and m.
19
Let s = -23 - -35. Let d = -55 - -57. Suppose 4*n + 46 = d*f + 6*n, 4*n = 2*f - 52. Calculate the greatest common factor of s and f.
12
Let r be ((-25)/(-4))/(2/(-8)). Let s be r/(-10) - (-30)/4. Calculate the highest common factor of s and 90.
10
Let m be ((-505)/(-10))/(4 - 21/6). Let h(k) = -95*k. Let u be h(-5). Suppose m = 4*w - u. Calculate the highest common divisor of w and 16.
16
Let y(v) = v - 6. Let x be y(6). Let w(r) = r**2 - r + 28. Let a be w(x). Let f = -23 + a. What is the greatest common factor of f and 10?
5
Let n = -21777 - -21803. Let d be 0 - -101 - 0/2. Let z = d - 49. Calculate the greatest common factor of z and n.
26
Let j(q) = -9*q**3 + 1. Let o be j(-2). Let f = o + -54. What is the highest common factor of f and 19?
19
Suppose -3*l - 415 = -2*d, 0 = 2*l - 0*l + 6. What is the highest common divisor of d and 29?
29
Let j be (-3 + -1 + 3)*(-620 + -1). What is the greatest common divisor of 27 and j?
27
Let o = -25 + 28. Suppose o*d = 7 + 29. Calculate the greatest common divisor of 24 and d.
12
Let i = 2 + 1. Let p be (-18)/(-4) + (-5)/10. Let o be (-9)/(-2)*(p + 2). What is the highest common factor of i and o?
3
Let s(z) = 2*z - 29. Let j be s(7). Let q be ((-12)/(-5))/((-6)/j). What is the greatest common divisor of 42 and q?
6
Let i(d) = d**2 + 3*d + 5. Let o be i(0). Suppose -4*q = -o*q - 5*x + 18, 29 = 2*q + 3*x. Calculate the greatest common factor of q and 91.
13
Let l(p) = -21*p**3 + 3*p**2 + 3*p + 1. Let n be l(-1). Calculate the greatest common factor of n and 176.
22
Suppose -250*r = -254*r + 80. Calculate the greatest common divisor of 940 and r.
20
Suppose -5*u + 621 = 3*i, -u = -4*i - 0*i + 828. Suppose 4*p + 2*f - 92 = 0, -4*p + 0*f + f + 92 = 0. Calculate the greatest common divisor of i and p.
23
Let z be 0 + -1 + 3 - (-46 - 1). Suppose 0 = -4*s - 0*j - 4*j + 72, 2*j = 3*s - z. Calculate the greatest common divisor of s and 17.
17
Let b(c) = 2*c**2 + 13*c + 9. Let k be b(9). What is the greatest common factor of k and 180?
36
Suppose -200 = 71*b - 73*b. Calculate the greatest common factor of 225 and b.
25
Let s = -103 - -35. Let v = -45 - s. Let c = v + 97. Calculate the greatest common factor of 24 and c.
24
Suppose -57*w + 44 = -53*w. What is the greatest common factor of w and 176?
11
Suppose 3*t = 5 + 7, c - 17 = 4*t. Calculate the greatest common factor of 198 and c.
33
Suppose -2*k - 2*i = -404, 3*k - 4*k - 3*i = -206. Let f be (-97)/(-4) - (-3)/4. Calculate the highest common divisor of k and f.
25
Let v = 129 + -224. Let f be 34/(v/35 + 3). What is the highest common factor of f and 17?
17
Suppose v = 5*v + 68. Let c = v - -15. Let k = c + 11. Calculate the highest common divisor of k and 6.
3
Let j(a) = -3*a + 29. Let x be j(10). Let o(y) = 29*y**2 - y + 2. Let b be o(x). Calculate the greatest common factor of b and 8.
8
Suppose -257 = -u + 5*s + 143, -4*u + 1669 = 3*s. Calculate the greatest common factor of 166 and u.
83
Let y be (-101)/(-4) - (-22 - -5)/(-68). What is the highest common divisor of 240 and y?
5
Suppose 0 = -8*m + 3*m + 25. Suppose -m*j = y - 3, 3*y + 0 = -5*j - 1. Let a(u) = -4*u - 7. Let p be a(y). What is the greatest common factor of 8 and p?
1
Let y = 2029 + -2018. Let g = 0 - 1. Let w be (66/(-15))/(g/5). Calculate the highest common factor of w and y.
11
Let i be ((-578)/119)/((-7)/147). What is the greatest common factor of 34 and i?
34
Let c(y) = -22*y. Let m be c(1). Let v = -17 - m. Suppose -5*k + 352 = -4*z, -v*k - 3*z + 8*z = -350. What is the highest common divisor of k and 9?
9
Let y(p) = p**3 - 6*p**2 + 6*p - 25. Let w be y(6). What is the highest common divisor of w and 22?
11
Let r(x) = -x**3 - 34*x**2 - 104*x - 121. Let b be r(-31). What is the highest common divisor of 30 and b?
10
Suppose -k - 36 = -3*l, 36 = 3*l + 3*k + 2*k. Let q = 15 - l. What is the highest common divisor of q and 33?
3
Suppose -5*y = -4*t - 100, y = -3*y + t + 80. Suppose m = 5*m + y. Let o = m - -6. Calculate the highest common divisor of 1 and o.
1
Suppose 12*d + 4332 = 69*d. What is the highest common factor of d and 171?
19
Suppose 4*g - 4*k - 48 = 0, -5*g + 0*k - 2*k + 32 = 0. Calculate the highest common factor of g and 240.
8
Let k(i) = 10*i - 11. Let z(m) = -m + 23. Let v be z(20). Let d be k(v). Let o(a) = -9*a + 1. Let w be o(-2). What is the greatest common divisor of w and d?
19
Let j = -13 - -30. Suppose 4 + 0 = -4*t. Let b be (0 - t)/(4 - 675/170). What is the highest common divisor of j and b?
17
Let q be ((-2)/(-6))/((-1)/(-513)). Let x = q + -107. Calculate the greatest common divisor of x and 32.
32
Suppose -r + 9 + 29 = 0. Let b = 59 - r. What is the highest common factor of 7 and b?
7
Let w(m) = -167*m**3 + m**2 - 3*m - 3. Suppose 0 = -z + 3